{"id":1202,"date":"2025-07-10T10:14:22","date_gmt":"2025-07-10T08:14:22","guid":{"rendered":"http:\/\/seskaro.net\/?page_id=1202"},"modified":"2025-07-10T13:45:06","modified_gmt":"2025-07-10T11:45:06","slug":"styrelsen","status":"publish","type":"page","link":"http:\/\/seskaro.net\/?page_id=1202","title":{"rendered":"Styrelsen"},"content":{"rendered":"\n<h2 class=\"wp-block-heading\"><\/h2>\n\n\n\n<p><strong>Hembygdsf\u00f6reningens styrelse 202<\/strong>5<\/p>\n\n\n\n<p>Kent Alanentalo, ordf<br>Erika Medstr\u00f6m, v ordf<br>Terhi Berglund, kass\u00f6r<br>Kerstin Johannessen, sekr<br>Marjatta Morin, ledamot<br>Rauni H\u00e4ntil\u00e4, ledamot<br>Elisabeth Lerdin, ledamot\/ungdomsledare<br>Li Franzen, ledamot o redakt\u00f6r<br>Elinor Karbin, suppl<br>Leif Lundgren, suppl<br>Johannes Langer, suppl<\/p>\n<div id=\"wp_fb_like_button\" style=\"margin:5px 0 5px 5px;float:right;height:100px;\"><script src=\"http:\/\/connect.facebook.net\/en_US\/all.js#xfbml=1\"><\/script><fb:like href=\"http%3A%2F%2Fseskaro.net%2F%3Fpage_id%3D1202\" send=\"true\" layout=\"button_count\" width=\"450\" show_faces=\"true\" font=\"arial\" action=\"like\" colorscheme=\"light\"><\/fb:like><\/div>","protected":false},"excerpt":{"rendered":"<p>Hembygdsf\u00f6reningens styrelse 2025 Kent Alanentalo, ordfErika Medstr\u00f6m, v ordfTerhi Berglund, kass\u00f6rKerstin Johannessen, sekrMarjatta Morin, ledamotRauni H\u00e4ntil\u00e4, ledamotElisabeth Lerdin, ledamot\/ungdomsledareLi Franzen, ledamot o redakt\u00f6rElinor Karbin, supplLeif Lundgren, supplJohannes Langer, suppl<\/p>\n","protected":false},"author":1,"featured_media":0,"parent":2,"menu_order":0,"comment_status":"closed","ping_status":"closed","template":"","meta":[],"_links":{"self":[{"href":"http:\/\/seskaro.net\/index.php?rest_route=\/wp\/v2\/pages\/1202"}],"collection":[{"href":"http:\/\/seskaro.net\/index.php?rest_route=\/wp\/v2\/pages"}],"about":[{"href":"http:\/\/seskaro.net\/index.php?rest_route=\/wp\/v2\/types\/page"}],"author":[{"embeddable":true,"href":"http:\/\/seskaro.net\/index.php?rest_route=\/wp\/v2\/users\/1"}],"replies":[{"embeddable":true,"href":"http:\/\/seskaro.net\/index.php?rest_route=%2Fwp%2Fv2%2Fcomments&post=1202"}],"version-history":[{"count":4,"href":"http:\/\/seskaro.net\/index.php?rest_route=\/wp\/v2\/pages\/1202\/revisions"}],"predecessor-version":[{"id":1206,"href":"http:\/\/seskaro.net\/index.php?rest_route=\/wp\/v2\/pages\/1202\/revisions\/1206"}],"up":[{"embeddable":true,"href":"http:\/\/seskaro.net\/index.php?rest_route=\/wp\/v2\/pages\/2"}],"wp:attachment":[{"href":"http:\/\/seskaro.net\/index.php?rest_route=%2Fwp%2Fv2%2Fmedia&parent=1202"}],"curies":[{"name":"wp","href":"https:\/\/api.w.org\/{rel}","templated":true}]}}