{"id":1123,"date":"2023-10-18T11:52:59","date_gmt":"2023-10-18T09:52:59","guid":{"rendered":"http:\/\/seskaro.net\/?page_id=1123"},"modified":"2025-07-10T14:14:30","modified_gmt":"2025-07-10T12:14:30","slug":"bagarstugan","status":"publish","type":"page","link":"http:\/\/seskaro.net\/?page_id=1123","title":{"rendered":"Bagarstugan"},"content":{"rendered":"\n<p>Det har l\u00e4nge funnits en \u00f6nskan om att ha en bagarstuga p\u00e5 Seskar\u00f6.<\/p>\n\n\n\n<p>Ett projekt startades av Seskar\u00f6 Hembygdsf\u00f6rening.<br>Vi ans\u00f6kte om pengar f\u00f6r projektet hos Jordbruksverket via Europeiska Jordbruksfonden och Spira mare 2021 och fick ans\u00f6kan godk\u00e4nd.<\/p>\n\n\n\n<div class=\"wp-block-columns is-layout-flex wp-container-3\">\n<div class=\"wp-block-column is-layout-flow\">\n<figure class=\"wp-block-image size-full is-resized\"><a href=\"http:\/\/seskaro.net\/wp-content\/uploads\/2023\/10\/EU-logo-jordbruksfonden-farg-1.jpg\"><img decoding=\"async\" loading=\"lazy\" src=\"http:\/\/seskaro.net\/wp-content\/uploads\/2023\/10\/EU-logo-jordbruksfonden-farg-1.jpg\" alt=\"\" class=\"wp-image-1124\" width=\"177\" height=\"169\" srcset=\"http:\/\/seskaro.net\/wp-content\/uploads\/2023\/10\/EU-logo-jordbruksfonden-farg-1.jpg 709w, http:\/\/seskaro.net\/wp-content\/uploads\/2023\/10\/EU-logo-jordbruksfonden-farg-1-300x286.jpg 300w, http:\/\/seskaro.net\/wp-content\/uploads\/2023\/10\/EU-logo-jordbruksfonden-farg-1-315x300.jpg 315w\" sizes=\"(max-width: 177px) 100vw, 177px\" \/><\/a><\/figure>\n<\/div>\n\n\n\n<div class=\"wp-block-column is-layout-flow\">\n<figure class=\"wp-block-image size-full is-resized\"><a href=\"http:\/\/seskaro.net\/wp-content\/uploads\/2023\/10\/Leader-logo-1-rotated-1-rotated.jpg\"><img decoding=\"async\" loading=\"lazy\" src=\"http:\/\/seskaro.net\/wp-content\/uploads\/2023\/10\/Leader-logo-1-rotated-1-rotated.jpg\" alt=\"\" class=\"wp-image-1153\" width=\"130\" height=\"130\" srcset=\"http:\/\/seskaro.net\/wp-content\/uploads\/2023\/10\/Leader-logo-1-rotated-1-rotated.jpg 763w, http:\/\/seskaro.net\/wp-content\/uploads\/2023\/10\/Leader-logo-1-rotated-1-300x300.jpg 300w, http:\/\/seskaro.net\/wp-content\/uploads\/2023\/10\/Leader-logo-1-rotated-1-150x150.jpg 150w\" sizes=\"(max-width: 130px) 100vw, 130px\" \/><\/a><\/figure>\n<\/div>\n<\/div>\n\n\n\n<p>I maj m\u00e5nad 2021 revs en timmerstuga som sk\u00e4nktes till Hembygdsf\u00f6reningen av Peter Hix\u00f6. Den transporterades och lades p\u00e5 &#8221;Gustavssonstomten&#8221; intill Folkets Hus. <br>Den befintliga gamla, m\u00f6gelskadade, byggnaden revs och transporterades bort.<br>H\u00f6sten 2022 gj\u00f6ts en betongplatta f\u00f6r bagarstugan med anslutning av vatten och avlopp. <br>Under detta \u00e5r, 2023, har projektet med att bygga upp och komplettera timmerstommen genomf\u00f6rts. Bakugnen \u00e4r uppmurad och klar. Tak och f\u00f6nster \u00e4r p\u00e5 plats. Innertaket \u00e4r<br>uppspikat. Just nu fortskrider projektet via ideella arbetsinsatser med resterande delar av inredning till stugan. <\/p>\n\n\n\n<figure class=\"wp-block-image size-large\"><a href=\"http:\/\/seskaro.net\/wp-content\/uploads\/2023\/10\/Lager-1-o-2-scaled.jpg\"><img decoding=\"async\" loading=\"lazy\" width=\"1024\" height=\"461\" src=\"http:\/\/seskaro.net\/wp-content\/uploads\/2023\/10\/Lager-1-o-2-1024x461.jpg\" alt=\"\" class=\"wp-image-1126\" srcset=\"http:\/\/seskaro.net\/wp-content\/uploads\/2023\/10\/Lager-1-o-2-1024x461.jpg 1024w, http:\/\/seskaro.net\/wp-content\/uploads\/2023\/10\/Lager-1-o-2-300x135.jpg 300w, http:\/\/seskaro.net\/wp-content\/uploads\/2023\/10\/Lager-1-o-2-768x346.jpg 768w, http:\/\/seskaro.net\/wp-content\/uploads\/2023\/10\/Lager-1-o-2-1536x692.jpg 1536w, http:\/\/seskaro.net\/wp-content\/uploads\/2023\/10\/Lager-1-o-2-2048x922.jpg 2048w, http:\/\/seskaro.net\/wp-content\/uploads\/2023\/10\/Lager-1-o-2-500x225.jpg 500w\" sizes=\"(max-width: 1024px) 100vw, 1024px\" \/><\/a><\/figure>\n\n\n\n<figure class=\"wp-block-image size-large\"><a href=\"http:\/\/seskaro.net\/wp-content\/uploads\/2023\/10\/Bakugn.jpg\"><img decoding=\"async\" loading=\"lazy\" width=\"1024\" height=\"768\" src=\"http:\/\/seskaro.net\/wp-content\/uploads\/2023\/10\/Bakugn-1024x768.jpg\" alt=\"\" class=\"wp-image-1127\" srcset=\"http:\/\/seskaro.net\/wp-content\/uploads\/2023\/10\/Bakugn-1024x768.jpg 1024w, http:\/\/seskaro.net\/wp-content\/uploads\/2023\/10\/Bakugn-300x225.jpg 300w, http:\/\/seskaro.net\/wp-content\/uploads\/2023\/10\/Bakugn-768x576.jpg 768w, http:\/\/seskaro.net\/wp-content\/uploads\/2023\/10\/Bakugn-1536x1152.jpg 1536w, http:\/\/seskaro.net\/wp-content\/uploads\/2023\/10\/Bakugn-400x300.jpg 400w, http:\/\/seskaro.net\/wp-content\/uploads\/2023\/10\/Bakugn.jpg 2048w\" sizes=\"(max-width: 1024px) 100vw, 1024px\" \/><\/a><\/figure>\n\n\n\n<figure class=\"wp-block-image size-large\"><a href=\"http:\/\/seskaro.net\/wp-content\/uploads\/2023\/10\/Bagarstugan.jpg\"><img decoding=\"async\" loading=\"lazy\" width=\"1024\" height=\"768\" src=\"http:\/\/seskaro.net\/wp-content\/uploads\/2023\/10\/Bagarstugan-1024x768.jpg\" alt=\"\" class=\"wp-image-1128\" srcset=\"http:\/\/seskaro.net\/wp-content\/uploads\/2023\/10\/Bagarstugan-1024x768.jpg 1024w, http:\/\/seskaro.net\/wp-content\/uploads\/2023\/10\/Bagarstugan-300x225.jpg 300w, http:\/\/seskaro.net\/wp-content\/uploads\/2023\/10\/Bagarstugan-768x576.jpg 768w, http:\/\/seskaro.net\/wp-content\/uploads\/2023\/10\/Bagarstugan-1536x1152.jpg 1536w, http:\/\/seskaro.net\/wp-content\/uploads\/2023\/10\/Bagarstugan-400x300.jpg 400w, http:\/\/seskaro.net\/wp-content\/uploads\/2023\/10\/Bagarstugan.jpg 2048w\" sizes=\"(max-width: 1024px) 100vw, 1024px\" \/><\/a><\/figure>\n\n\n\n<p>F\u00f6reningens medlemmar har st\u00e4llt upp med m\u00e5nga frivilliga arbetstimmar och fler blir det.<\/p>\n<div id=\"wp_fb_like_button\" style=\"margin:5px 0 5px 5px;float:right;height:100px;\"><script src=\"http:\/\/connect.facebook.net\/en_US\/all.js#xfbml=1\"><\/script><fb:like href=\"http%3A%2F%2Fseskaro.net%2F%3Fpage_id%3D1123\" send=\"true\" layout=\"button_count\" width=\"450\" show_faces=\"true\" font=\"arial\" action=\"like\" colorscheme=\"light\"><\/fb:like><\/div>","protected":false},"excerpt":{"rendered":"<p>Det har l\u00e4nge funnits en \u00f6nskan om att ha en bagarstuga p\u00e5 Seskar\u00f6. Ett projekt startades av Seskar\u00f6 Hembygdsf\u00f6rening.Vi ans\u00f6kte om pengar f\u00f6r projektet hos Jordbruksverket via Europeiska Jordbruksfonden och Spira mare 2021 och fick ans\u00f6kan godk\u00e4nd. I maj m\u00e5nad &hellip; <a href=\"http:\/\/seskaro.net\/?page_id=1123\">Forts\u00e4tt l\u00e4sa <span class=\"meta-nav\">&rarr;<\/span><\/a><\/p>\n","protected":false},"author":1,"featured_media":0,"parent":159,"menu_order":1,"comment_status":"closed","ping_status":"closed","template":"","meta":[],"_links":{"self":[{"href":"http:\/\/seskaro.net\/index.php?rest_route=\/wp\/v2\/pages\/1123"}],"collection":[{"href":"http:\/\/seskaro.net\/index.php?rest_route=\/wp\/v2\/pages"}],"about":[{"href":"http:\/\/seskaro.net\/index.php?rest_route=\/wp\/v2\/types\/page"}],"author":[{"embeddable":true,"href":"http:\/\/seskaro.net\/index.php?rest_route=\/wp\/v2\/users\/1"}],"replies":[{"embeddable":true,"href":"http:\/\/seskaro.net\/index.php?rest_route=%2Fwp%2Fv2%2Fcomments&post=1123"}],"version-history":[{"count":3,"href":"http:\/\/seskaro.net\/index.php?rest_route=\/wp\/v2\/pages\/1123\/revisions"}],"predecessor-version":[{"id":1155,"href":"http:\/\/seskaro.net\/index.php?rest_route=\/wp\/v2\/pages\/1123\/revisions\/1155"}],"up":[{"embeddable":true,"href":"http:\/\/seskaro.net\/index.php?rest_route=\/wp\/v2\/pages\/159"}],"wp:attachment":[{"href":"http:\/\/seskaro.net\/index.php?rest_route=%2Fwp%2Fv2%2Fmedia&parent=1123"}],"curies":[{"name":"wp","href":"https:\/\/api.w.org\/{rel}","templated":true}]}}

<p>Det har länge funnits en önskan om att ha en bagarstuga på Seskarö.</p>



<p>Ett projekt startades av Seskarö Hembygdsförening.<br>Vi ansökte om pengar för projektet hos Jordbruksverket via Europeiska Jordbruksfonden och Spira mare 2021 och fick ansökan godkänd.</p>



<div class="wp-block-columns is-layout-flex wp-container-3">
<div class="wp-block-column is-layout-flow">
<figure class="wp-block-image size-full is-resized"><a href="http://seskaro.net/wp-content/uploads/2023/10/EU-logo-jordbruksfonden-farg-1.jpg"><img decoding="async" loading="lazy" src="http://seskaro.net/wp-content/uploads/2023/10/EU-logo-jordbruksfonden-farg-1.jpg" alt="" class="wp-image-1124" width="177" height="169" srcset="http://seskaro.net/wp-content/uploads/2023/10/EU-logo-jordbruksfonden-farg-1.jpg 709w, http://seskaro.net/wp-content/uploads/2023/10/EU-logo-jordbruksfonden-farg-1-300x286.jpg 300w, http://seskaro.net/wp-content/uploads/2023/10/EU-logo-jordbruksfonden-farg-1-315x300.jpg 315w" sizes="(max-width: 177px) 100vw, 177px" /></a></figure>
</div>



<div class="wp-block-column is-layout-flow">
<figure class="wp-block-image size-full is-resized"><a href="http://seskaro.net/wp-content/uploads/2023/10/Leader-logo-1-rotated-1-rotated.jpg"><img decoding="async" loading="lazy" src="http://seskaro.net/wp-content/uploads/2023/10/Leader-logo-1-rotated-1-rotated.jpg" alt="" class="wp-image-1153" width="130" height="130" srcset="http://seskaro.net/wp-content/uploads/2023/10/Leader-logo-1-rotated-1-rotated.jpg 763w, http://seskaro.net/wp-content/uploads/2023/10/Leader-logo-1-rotated-1-300x300.jpg 300w, http://seskaro.net/wp-content/uploads/2023/10/Leader-logo-1-rotated-1-150x150.jpg 150w" sizes="(max-width: 130px) 100vw, 130px" /></a></figure>
</div>
</div>



<p>I maj månad 2021 revs en timmerstuga som skänktes till Hembygdsföreningen av Peter Hixö. Den transporterades och lades på &#8221;Gustavssonstomten&#8221; intill Folkets Hus. <br>Den befintliga gamla, mögelskadade, byggnaden revs och transporterades bort.<br>Hösten 2022 gjöts en betongplatta för bagarstugan med anslutning av vatten och avlopp. <br>Under detta år, 2023, har projektet med att bygga upp och komplettera timmerstommen genomförts. Bakugnen är uppmurad och klar. Tak och fönster är på plats. Innertaket är<br>uppspikat. Just nu fortskrider projektet via ideella arbetsinsatser med resterande delar av inredning till stugan. </p>



<figure class="wp-block-image size-large"><a href="http://seskaro.net/wp-content/uploads/2023/10/Lager-1-o-2-scaled.jpg"><img decoding="async" loading="lazy" width="1024" height="461" src="http://seskaro.net/wp-content/uploads/2023/10/Lager-1-o-2-1024x461.jpg" alt="" class="wp-image-1126" srcset="http://seskaro.net/wp-content/uploads/2023/10/Lager-1-o-2-1024x461.jpg 1024w, http://seskaro.net/wp-content/uploads/2023/10/Lager-1-o-2-300x135.jpg 300w, http://seskaro.net/wp-content/uploads/2023/10/Lager-1-o-2-768x346.jpg 768w, http://seskaro.net/wp-content/uploads/2023/10/Lager-1-o-2-1536x692.jpg 1536w, http://seskaro.net/wp-content/uploads/2023/10/Lager-1-o-2-2048x922.jpg 2048w, http://seskaro.net/wp-content/uploads/2023/10/Lager-1-o-2-500x225.jpg 500w" sizes="(max-width: 1024px) 100vw, 1024px" /></a></figure>



<figure class="wp-block-image size-large"><a href="http://seskaro.net/wp-content/uploads/2023/10/Bakugn.jpg"><img decoding="async" loading="lazy" width="1024" height="768" src="http://seskaro.net/wp-content/uploads/2023/10/Bakugn-1024x768.jpg" alt="" class="wp-image-1127" srcset="http://seskaro.net/wp-content/uploads/2023/10/Bakugn-1024x768.jpg 1024w, http://seskaro.net/wp-content/uploads/2023/10/Bakugn-300x225.jpg 300w, http://seskaro.net/wp-content/uploads/2023/10/Bakugn-768x576.jpg 768w, http://seskaro.net/wp-content/uploads/2023/10/Bakugn-1536x1152.jpg 1536w, http://seskaro.net/wp-content/uploads/2023/10/Bakugn-400x300.jpg 400w, http://seskaro.net/wp-content/uploads/2023/10/Bakugn.jpg 2048w" sizes="(max-width: 1024px) 100vw, 1024px" /></a></figure>



<figure class="wp-block-image size-large"><a href="http://seskaro.net/wp-content/uploads/2023/10/Bagarstugan.jpg"><img decoding="async" loading="lazy" width="1024" height="768" src="http://seskaro.net/wp-content/uploads/2023/10/Bagarstugan-1024x768.jpg" alt="" class="wp-image-1128" srcset="http://seskaro.net/wp-content/uploads/2023/10/Bagarstugan-1024x768.jpg 1024w, http://seskaro.net/wp-content/uploads/2023/10/Bagarstugan-300x225.jpg 300w, http://seskaro.net/wp-content/uploads/2023/10/Bagarstugan-768x576.jpg 768w, http://seskaro.net/wp-content/uploads/2023/10/Bagarstugan-1536x1152.jpg 1536w, http://seskaro.net/wp-content/uploads/2023/10/Bagarstugan-400x300.jpg 400w, http://seskaro.net/wp-content/uploads/2023/10/Bagarstugan.jpg 2048w" sizes="(max-width: 1024px) 100vw, 1024px" /></a></figure>



<p>Föreningens medlemmar har ställt upp med många frivilliga arbetstimmar och fler blir det.</p>
<div id="wp_fb_like_button" style="margin:5px 0 5px 5px;float:right;height:100px;"><script src="http://connect.facebook.net/en_US/all.js#xfbml=1"></script><fb:like href="http%3A%2F%2Fseskaro.net%2F%3Fpage_id%3D1123" send="true" layout="button_count" width="450" show_faces="true" font="arial" action="like" colorscheme="light"></fb:like></div>

<p>Det har länge funnits en önskan om att ha en bagarstuga på Seskarö. Ett projekt startades av Seskarö Hembygdsförening.Vi ansökte om pengar för projektet hos Jordbruksverket via Europeiska Jordbruksfonden och Spira mare 2021 och fick ansökan godkänd. I maj månad &hellip; <a href="http://seskaro.net/?page_id=1123">Fortsätt läsa <span class="meta-nav">&rarr;</span></a></p>
